8 is divided by 385.
168
Calculate the remainder when 6828 is divided by 34.
28
Calculate the remainder when 255 is divided by 11.
2
Calculate the remainder when 221 is divided by 53.
9
What is the remainder when 141 is divided by 2?
1
What is the remainder when 629 is divided by 70?
69
Calculate the remainder when 77 is divided by 15.
2
Calculate the remainder when 98 is divided by 17.
13
Calculate the remainder when 139 is divided by 122.
17
Calculate the remainder when 113 is divided by 5.
3
Calculate the remainder when 1319 is divided by 147.
143
Calculate the remainder when 979 is divided by 160.
19
Calculate the remainder when 4108 is divided by 114.
4
What is the remainder when 724 is divided by 238?
10
What is the remainder when 347 is divided by 5?
2
Calculate the remainder when 1227 is divided by 305.
7
Calculate the remainder when 740 is divided by 413.
327
What is the remainder when 230 is divided by 21?
20
What is the remainder when 1244 is divided by 490?
264
What is the remainder when 208 is divided by 14?
12
What is the remainder when 195 is divided by 49?
48
What is the remainder when 42 is divided by 9?
6
Calculate the remainder when 2036 is divided by 33.
23
Calculate the remainder when 170 is divided by 54.
8
What is the remainder when 134 is divided by 61?
12
What is the remainder when 3275 is divided by 117?
116
Calculate the remainder when 74 is divided by 20.
14
What is the remainder when 880 is divided by 403?
74
Calculate the remainder when 849 is divided by 14.
9
Calculate the remainder when 2199 is divided by 4.
3
Calculate the remainder when 986 is divided by 737.
249
What is the remainder when 53 is divided by 8?
5
Calculate the remainder when 41079 is divided by 26.
25
What is the remainder when 139 is divided by 18?
13
What is the remainder when 794 is divided by 53?
52
Calculate the remainder when 1016 is divided by 60.
56
Calculate the remainder when 1483 is divided by 124.
119
Calculate the remainder when 350 is divided by 4.
2
Calculate the remainder when 576 is divided by 73.
65
What is the remainder when 314 is divided by 15?
14
Calculate the remainder when 513 is divided by 74.
69
What is the remainder when 4 is divided by 2?
0
What is the remainder when 96 is divided by 27?
15
What is the remainder when 107 is divided by 36?
35
Calculate the remainder when 598 is divided by 9.
4
Calculate the remainder when 109 is divided by 17.
7
What is the remainder when 836 is divided by 740?
96
What is the remainder when 1760 is divided by 464?
368
Calculate the remainder when 203 is divided by 23.
19
What is the remainder when 92 is divided by 5?
2
What is the remainder when 819 is divided by 107?
70
Calculate the remainder when 1515 is divided by 23.
20
Calculate the remainder when 709 is divided by 268.
173
What is the remainder when 453 is divided by 91?
89
Calculate the remainder when 5238 is divided by 31.
30
Calculate the remainder when 47877 is divided by 315.
312
Calculate the remainder when 138 is divided by 55.
28
What is the remainder when 1322 is divided by 440?
2
What is the remainder when 181 is divided by 70?
41
Calculate the remainder when 171 is divided by 23.
10
What is the remainder when 443 is divided by 74?
73
What is the remainder when 11 is divided by 6?
5
Calculate the remainder when 3200 is divided by 532.
8
What is the remainder when 1545 is divided by 11?
5
Calculate the remainder when 137 is divided by 70.
67
Calculate the remainder when 79 is divided by 9.
7
What is the remainder when 348 is divided by 44?
40
What is the remainder when 1074 is divided by 57?
48
Calculate the remainder when 476 is divided by 40.
36
What is the remainder when 1047 is divided by 42?
39
Calculate the remainder when 296 is divided by 10.
6
Calculate the remainder when 1460 is divided by 34.
32
Calculate the remainder when 496 is divided by 268.
228
Calculate the remainder when 2474 is divided by 275.
274
Calculate the remainder when 123 is divided by 33.
24
Calculate the remainder when 47 is divided by 25.
22
Calculate the remainder when 1229 is divided by 56.
53
Calculate the remainder when 785 is divided by 300.
185
What is the remainder when 736 is divided by 64?
32
What is the remainder when 99 is divided by 17?
14
What is the remainder when 286 is divided by 3?
1
Calculate the remainder when 4659 is divided by 21.
18
Calculate the remainder when 20 is divided by 8.
4
What is the remainder when 397 is divided by 25?
22
Calculate the remainder when 155 is divided by 51.
2
What is the remainder when 3064 is divided by 1513?
38
What is the remainder when 225 is divided by 4?
1
What is the remainder when 362 is divided by 183?
179
Calculate the remainder when 152 is divided by 78.
74
What is the remainder when 275 is divided by 4?
3
What is the remainder when 339 is divided by 10?
9
What is the remainder when 72 is divided by 32?
8
What is the remainder when 997 is divided by 48?
37
Calculate the remainder when 257 is divided by 13.
10
What is the remainder when 2008 is divided by 38?
32
What is the remainder when 7219 is divided by 168?
163
What is the remainder when 166 is divided by 21?
19
What is the remainder when 16905 is divided by 11?
9
What is the remainder when 2536 is divided by 14?
2
Calculate the remainder when 646 is divided by 5.
1
Calculate the remainder when 137 is divided by 41.
14
What is the remainder when 1149 is divided by 9?
6
What is the remainder when 50 is divided by 1?
0
Calculate the remainder when 26 is divided by 4.
2
Calculate the remainder when 104 is divided by 2.
0
What is the remainder when 251 is divided by 85?
81
Calculate the remainder when 289 is divided by 200.
89
Calculate the remainder when 145 is divided by 125.
20
Calculate the remainder when 2303 is divided by 129.
110
What is the remainder when 753 is divided by 751?
2
What is the remainder when 2965 is divided by 28?
25
What is the remainder when 1054 is divided by 151?
148
Calculate the remainder when 15983 is divided by 37.
36
What is the remainder when 1442 is divided by 76?
74
Calculate the remainder when 14143 is divided by 262.
257
What is the remainder when 285 is divided by 29?
24
Calculate the remainder when 47 is divided by 8.
7
Calculate the remainder when 195 is divided by 23.
11
What is the remainder when 56907 is divided by 70?
67
Calculate the remainder when 21362 is divided by 7120.
2
What is the remainder when 135 is divided by 20?
15
What is the remainder when 60 is divided by 35?
25
What is the remainder when 449 is divided by 21?
8
What is the remainder when 529 is divided by 28?
25
What is the remainder when 60 is divided by 16?
12
Calculate the remainder when 557 is divided by 116.
93
What is the remainder when 389 is divided by 67?
54
Calculate the remainder when 377 is divided by 64.
57
Calculate the remainder when 120 is divided by 31.
27
What is the remainder when 1160 is divided by 83?
81
Calculate the remainder when 1022 is divided by 87.
65
Calculate the remainder when 411 is divided by 201.
9
What is the remainder when 193 is divided by 5?
3
Calculate the remainder when 452 is divided by 170.
112
What is the remainder when 48 is divided by 10?
8
What is the remainder when 1102 is divided by 294?
220
Calculate the remainder when 694 is divided by 125.
69
Calculate the remainder when 70 is divided by 40.
30
What is the remainder when 671 is divided by 48?
47
Calculate the remainder when 1071 is divided by 99.
81
Calculate the remainder when 32846 is divided by 16.
14
Calculate the remainder when 150 is divided by 54.
42
Calculate the remainder when 327 is divided by 183.
144
Calculate the remainder when 176 is divided by 100.
76
Calculate the remainder when 146 is divided by 8.
2
What is the remainder when 406 is divided by 6?
4
Calculate the remainder when 362 is divided by 19.
1
Calculate the remainder when 927 is divided by 133.
129
Calculate the remainder when 24 is divided by 16.
8
Calculate the remainder when 194 is divided by 28.
26
Calculate the remainder when 365 is divided by 57.
23
What is the remainder when 408 is divided by 44?
12
Calculate the remainder when 1060 is divided by 317.
109
Calculate the remainder when 2804 is divided by 26.
22
What is the remainder when